{"id":770,"date":"2022-02-23T21:06:46","date_gmt":"2022-02-23T21:06:46","guid":{"rendered":"https:\/\/startersites.io\/stagingfour\/?page_id=770"},"modified":"2026-03-25T01:38:53","modified_gmt":"2026-03-25T00:38:53","slug":"services","status":"publish","type":"page","link":"https:\/\/electroniqueloire.fr\/index.php\/services\/","title":{"rendered":"Services"},"content":{"rendered":"\n<div class=\"wp-block-stackable-columns alignfull stk-block-columns stk-block stk-84be71d\" id=\"70\" data-block-id=\"84be71d\"><style>.stk-84be71d {margin-top:var(--stk--preset--spacing--70, 3.38rem) !important;margin-bottom:var(--stk--preset--spacing--70, 3.38rem) !important;}<\/style><div class=\"stk-row stk-inner-blocks stk-block-content stk-content-align stk-84be71d-column alignwide\">\n<div class=\"wp-block-stackable-column stk-block-column stk-column stk-block stk-4e547e4\" data-v=\"4\" data-block-id=\"4e547e4\"><div class=\"stk-column-wrapper stk-block-column__content stk-container stk-4e547e4-container stk--no-background stk--no-padding\"><div class=\"stk-block-content stk-inner-blocks stk-4e547e4-inner-blocks\">\n<div class=\"wp-block-stackable-columns stk-block-columns stk-block stk-e4c1a08\" id=\"service-schema\" data-block-id=\"e4c1a08\"><style>.stk-e4c1a08 .stk--block-align-e4c1a08{align-items:center !important;}@media screen and (max-width:689px){.stk-e4c1a08 {--stk-col-order-1:2 !important;--stk-col-order-2:1 !important;}}<\/style><div class=\"stk-row stk-inner-blocks stk--block-align-e4c1a08 stk-block-content stk-content-align stk-e4c1a08-column\">\n<div class=\"wp-block-stackable-column stk-block-column stk-column stk-block stk-fb2f5ba\" data-v=\"4\" data-block-id=\"fb2f5ba\"><style>@media screen and (min-width:690px){.stk-fb2f5ba {flex:var(--stk-flex-grow, 1) 1 calc(59.9% - var(--stk-column-gap, 0px) * 1 \/ 2 ) !important;}}<\/style><div class=\"stk-column-wrapper stk-block-column__content stk-container stk-fb2f5ba-container stk--no-background stk--no-padding\"><div class=\"stk-block-content stk-inner-blocks stk-fb2f5ba-inner-blocks\">\n<div class=\"wp-block-stackable-image stk-block-image stk-block stk-4475fe5\" data-block-id=\"4475fe5\"><figure><span class=\"stk-img-wrapper stk-image--shape-stretch\"><img loading=\"lazy\" decoding=\"async\" class=\"stk-img wp-image-857\" src=\"https:\/\/electroniqueloire.fr\/wp-content\/uploads\/2026\/03\/01_schema_electronique.png\" width=\"1173\" height=\"808\" alt=\"Sch\u00e9ma electronique\" srcset=\"https:\/\/electroniqueloire.fr\/wp-content\/uploads\/2026\/03\/01_schema_electronique.png 1173w, https:\/\/electroniqueloire.fr\/wp-content\/uploads\/2026\/03\/01_schema_electronique-600x413.png 600w, https:\/\/electroniqueloire.fr\/wp-content\/uploads\/2026\/03\/01_schema_electronique-300x207.png 300w, https:\/\/electroniqueloire.fr\/wp-content\/uploads\/2026\/03\/01_schema_electronique-1024x705.png 1024w, https:\/\/electroniqueloire.fr\/wp-content\/uploads\/2026\/03\/01_schema_electronique-768x529.png 768w\" sizes=\"auto, (max-width: 1173px) 100vw, 1173px\" \/><\/span><\/figure><\/div>\n<\/div><\/div><\/div>\n\n\n\n<div class=\"wp-block-stackable-column stk-block-column stk-column stk-block stk-fc67e0d\" data-v=\"4\" data-block-id=\"fc67e0d\"><style>@media screen and (min-width:690px){.stk-fc67e0d {flex:var(--stk-flex-grow, 1) 1 calc(40.099999999999994% - var(--stk-column-gap, 0px) * 1 \/ 2 ) !important;}}<\/style><div class=\"stk-column-wrapper stk-block-column__content stk-container stk-fc67e0d-container stk--no-background stk--no-padding\"><div class=\"stk-block-content stk-inner-blocks stk-fc67e0d-inner-blocks\">\n<div class=\"wp-block-stackable-subtitle stk-block-subtitle stk-block stk-a9735fc\" data-block-id=\"a9735fc\"><style>.stk-a9735fc .stk-block-subtitle__text{font-size:var(--stk--preset--font-size--medium, 1rem) !important;}@media screen and (max-width:999px){.stk-a9735fc .stk-block-subtitle__text{font-size:var(--stk--preset--font-size--medium, 1rem) !important;}}<\/style><p class=\"stk-block-subtitle__text stk-subtitle\"><span style=\"color: var(--theme-palette-color-1, #e65616);\" class=\"stk-highlight\"><strong>01<\/strong><\/span><\/p><\/div>\n\n\n\n<div class=\"wp-block-stackable-image stk-block-image has-text-align-center-mobile stk-block stk-216bcc9\" data-block-id=\"216bcc9\"><style>.stk-216bcc9 .stk-img-wrapper{width:160px !important;height:160px !important;}@media screen and (max-width:999px){.stk-216bcc9 .stk-img-wrapper{width:120px !important;height:120px !important;}}@media screen and (max-width:689px){.stk-216bcc9 .stk-img-wrapper{width:120px !important;height:120px !important;}.stk-216bcc9 .stk-img-wrapper img{object-position:47% 51% !important;}}<\/style><figure><span class=\"stk-img-wrapper stk-image--shape-stretch\"><img loading=\"lazy\" decoding=\"async\" class=\"stk-img wp-image-949\" src=\"https:\/\/electroniqueloire.fr\/wp-content\/uploads\/2026\/03\/service_schematic2.svg\" width=\"421\" height=\"421\" alt=\"service sch\u00e9matique electornique\"\/><\/span><\/figure><\/div>\n\n\n\n<div class=\"wp-block-stackable-heading stk-block-heading stk-block-heading--v2 stk-block stk-69dfb70\" id=\"title-1-placeholder\" data-block-id=\"69dfb70\"><h3 class=\"stk-block-heading__text\">Sch\u00e9ma \u00e9lectronique<\/h3><\/div>\n\n\n\n<div class=\"wp-block-stackable-text stk-block-text stk-block stk-46eed8a\" data-block-id=\"46eed8a\"><p class=\"stk-block-text__text\">Cr\u00e9ation du sch\u00e9ma \u00e9lectronique, comportant tous les composants n\u00e9cessaires pour le fonctionnement du syst\u00e8me.<br><\/p><\/div>\n<\/div><\/div><\/div>\n<\/div><\/div>\n\n\n\n<div class=\"wp-block-stackable-spacer stk-block-spacer stk--no-padding stk-block stk-fae162b\" data-block-id=\"fae162b\"><style>.stk-fae162b {height:70px !important;}<\/style><\/div>\n\n\n\n<div class=\"wp-block-stackable-columns stk-block-columns stk-block stk-8834342\" id=\"service_routage\" data-block-id=\"8834342\"><style>.stk-8834342 .stk--block-align-8834342{align-items:center !important;}<\/style><div class=\"stk-row stk-inner-blocks stk--block-align-8834342 stk-block-content stk-content-align stk-8834342-column\">\n<div class=\"wp-block-stackable-column stk-block-column stk-column stk-block stk-2b56e41\" data-v=\"4\" data-block-id=\"2b56e41\"><style>@media screen and (min-width:690px){.stk-2b56e41 {flex:var(--stk-flex-grow, 1) 1 calc(40% - var(--stk-column-gap, 0px) * 1 \/ 2 ) !important;}}<\/style><div class=\"stk-column-wrapper stk-block-column__content stk-container stk-2b56e41-container stk--no-background stk--no-padding\"><div class=\"stk-block-content stk-inner-blocks stk-2b56e41-inner-blocks\">\n<div class=\"wp-block-stackable-subtitle stk-block-subtitle stk-block stk-f187ffc\" data-block-id=\"f187ffc\"><style>.stk-f187ffc .stk-block-subtitle__text{font-size:var(--stk--preset--font-size--medium, 1rem) !important;}@media screen and (max-width:999px){.stk-f187ffc .stk-block-subtitle__text{font-size:var(--stk--preset--font-size--medium, 1rem) !important;}}<\/style><p class=\"stk-block-subtitle__text stk-subtitle\"><span style=\"color: var(--theme-palette-color-1, #e65616);\" class=\"stk-highlight\"><strong>02<\/strong><\/span><\/p><\/div>\n\n\n\n<div class=\"wp-block-stackable-image stk-block-image stk-block stk-1d86825\" data-block-id=\"1d86825\"><style>.stk-1d86825 .stk-img-wrapper{width:160px !important;}@media screen and (max-width:999px){.stk-1d86825 .stk-img-wrapper{width:120px !important;height:120px !important;}}@media screen and (max-width:689px){.stk-1d86825 .stk-img-wrapper{width:120px !important;}}<\/style><figure><span class=\"stk-img-wrapper stk-image--shape-stretch\"><img loading=\"lazy\" decoding=\"async\" class=\"stk-img wp-image-950\" src=\"https:\/\/electroniqueloire.fr\/wp-content\/uploads\/2026\/03\/service_routage2.svg\" width=\"421\" height=\"421\" alt=\"service routage electronique\"\/><\/span><\/figure><\/div>\n\n\n\n<div class=\"wp-block-stackable-heading stk-block-heading stk-block-heading--v2 stk-block stk-fabc6ea\" id=\"title-2-placeholder\" data-block-id=\"fabc6ea\"><h3 class=\"stk-block-heading__text\">Routage<\/h3><\/div>\n\n\n\n<div class=\"wp-block-stackable-text stk-block-text stk-block stk-1b74b45\" data-block-id=\"1b74b45\"><p class=\"stk-block-text__text\">A cette \u00e9tape, les composants physiques sont plac\u00e9s sur la carte (PCB), respectant les contraintes dimensionnelles. Les pistes de cuivres sont ensuite trac\u00e9es, permettant la transmission des signaux \u00e9lectriques entre les composants.<br>La g\u00e9n\u00e9ration du rendu 3D permet de confirmer la bonne int\u00e9gration de la carte dans son environnement.<\/p><\/div>\n<\/div><\/div><\/div>\n\n\n\n<div class=\"wp-block-stackable-column stk-block-column stk-column stk-block stk-cfa9121\" data-v=\"4\" data-block-id=\"cfa9121\"><style>@media screen and (min-width:690px){.stk-cfa9121 {flex:var(--stk-flex-grow, 1) 1 calc(60% - var(--stk-column-gap, 0px) * 1 \/ 2 ) !important;}}<\/style><div class=\"stk-column-wrapper stk-block-column__content stk-container stk-cfa9121-container stk--no-background stk--no-padding\"><div class=\"stk-block-content stk-inner-blocks stk-cfa9121-inner-blocks\">\n<div class=\"wp-block-stackable-image stk-block-image stk-block stk-a38a08c\" data-block-id=\"a38a08c\"><figure><span class=\"stk-img-wrapper stk-image--shape-stretch\"><img loading=\"lazy\" decoding=\"async\" class=\"stk-img wp-image-861\" src=\"https:\/\/electroniqueloire.fr\/wp-content\/uploads\/2026\/03\/02_routage.gif\" width=\"1199\" height=\"646\" alt=\"Routage carte electronique\"\/><\/span><\/figure><\/div>\n<\/div><\/div><\/div>\n<\/div><\/div>\n\n\n\n<div class=\"wp-block-stackable-spacer stk-block-spacer stk--no-padding stk-block stk-acd1cdb\" data-block-id=\"acd1cdb\"><style>.stk-acd1cdb {height:70px !important;}<\/style><\/div>\n\n\n\n<div class=\"wp-block-stackable-columns stk-block-columns stk-block stk-fae2593\" data-block-id=\"fae2593\"><style>.stk-fae2593 .stk--block-align-fae2593{align-items:center !important;}@media screen and (max-width:689px){.stk-fae2593 {--stk-col-order-1:2 !important;--stk-col-order-2:1 !important;}}<\/style><div class=\"stk-row stk-inner-blocks stk--block-align-fae2593 stk-block-content stk-content-align stk-fae2593-column\">\n<div class=\"wp-block-stackable-column stk-block-column stk-column stk-block stk-afc8368\" data-v=\"4\" data-block-id=\"afc8368\"><style>@media screen and (min-width:690px){.stk-afc8368 {flex:var(--stk-flex-grow, 1) 1 calc(60% - var(--stk-column-gap, 0px) * 1 \/ 2 ) !important;}}<\/style><div class=\"stk-column-wrapper stk-block-column__content stk-container stk-afc8368-container stk--no-background stk--no-padding\"><div class=\"stk-block-content stk-inner-blocks stk-afc8368-inner-blocks\">\n<div class=\"wp-block-stackable-image stk-block-image stk-block stk-80d7498\" data-block-id=\"80d7498\"><figure><span class=\"stk-img-wrapper stk-image--shape-stretch\"><img loading=\"lazy\" decoding=\"async\" class=\"stk-img wp-image-860\" src=\"https:\/\/electroniqueloire.fr\/wp-content\/uploads\/2026\/03\/04_integration.gif\" width=\"888\" height=\"650\" alt=\"Sch\u00e9ma electronique\"\/><\/span><\/figure><\/div>\n<\/div><\/div><\/div>\n\n\n\n<div class=\"wp-block-stackable-column stk-block-column stk-column stk-block stk-09388b9\" data-v=\"4\" data-block-id=\"09388b9\"><style>@media screen and (min-width:690px){.stk-09388b9 {flex:var(--stk-flex-grow, 1) 1 calc(40% - var(--stk-column-gap, 0px) * 1 \/ 2 ) !important;}}<\/style><div class=\"stk-column-wrapper stk-block-column__content stk-container stk-09388b9-container stk--no-background stk--no-padding\"><div class=\"stk-block-content stk-inner-blocks stk-09388b9-inner-blocks\">\n<div class=\"wp-block-stackable-subtitle stk-block-subtitle stk-block stk-a19d2a7\" data-block-id=\"a19d2a7\"><style>.stk-a19d2a7 .stk-block-subtitle__text{font-size:var(--stk--preset--font-size--medium, 1rem) !important;}@media screen and (max-width:999px){.stk-a19d2a7 .stk-block-subtitle__text{font-size:var(--stk--preset--font-size--medium, 1rem) !important;}}<\/style><p class=\"stk-block-subtitle__text stk-subtitle\"><span style=\"color: var(--theme-palette-color-1, #e65616);\" class=\"stk-highlight\"><strong>03<\/strong><\/span><\/p><\/div>\n\n\n\n<div class=\"wp-block-stackable-image stk-block-image stk-block stk-d5c9d82\" data-block-id=\"d5c9d82\"><style>.stk-d5c9d82 .stk-img-wrapper{width:160px !important;}@media screen and (max-width:999px){.stk-d5c9d82 .stk-img-wrapper{width:120px !important;}}@media screen and (max-width:689px){.stk-d5c9d82 .stk-img-wrapper{width:120px !important;}}<\/style><figure><span class=\"stk-img-wrapper stk-image--shape-stretch\"><img loading=\"lazy\" decoding=\"async\" class=\"stk-img wp-image-794\" src=\"https:\/\/electroniqueloire.fr\/wp-content\/uploads\/2026\/03\/service_3d.svg\" width=\"421\" height=\"421\" alt=\"Int\u00e9gration CAO 3D\"\/><\/span><\/figure><\/div>\n\n\n\n<div class=\"wp-block-stackable-heading stk-block-heading stk-block-heading--v2 stk-block stk-7d82fae\" id=\"title-1-placeholder\" data-block-id=\"7d82fae\"><h3 class=\"stk-block-heading__text\">Int\u00e9gration<\/h3><\/div>\n\n\n\n<div class=\"wp-block-stackable-text stk-block-text stk-block stk-a4c1f83\" data-block-id=\"a4c1f83\"><p class=\"stk-block-text__text\">Int\u00e9gration virtuelle du mod\u00e8le 3D de la carte dans son emplacement pour s&#8217;assurer de la conformit\u00e9 dimensionnelle. Mod\u00e9lisation 3D et fabrication d\u2019\u00e9l\u00e9ments de supports \/ int\u00e9gration si besoin<\/p><\/div>\n<\/div><\/div><\/div>\n<\/div><\/div>\n\n\n\n<div class=\"wp-block-stackable-spacer stk-block-spacer stk--no-padding stk-block stk-b09209d\" data-block-id=\"b09209d\"><style>.stk-b09209d {height:70px !important;}<\/style><\/div>\n\n\n\n<div class=\"wp-block-stackable-columns stk-block-columns stk-block stk-c5afdec\" id=\"service-prototypage-fabrication\" data-block-id=\"c5afdec\"><style>.stk-c5afdec .stk--block-align-c5afdec{align-items:center !important;}<\/style><div class=\"stk-row stk-inner-blocks stk--block-align-c5afdec stk-block-content stk-content-align stk-c5afdec-column\">\n<div class=\"wp-block-stackable-column stk-block-column stk-column stk-block stk-b84aa3d\" data-v=\"4\" data-block-id=\"b84aa3d\"><style>@media screen and (min-width:690px){.stk-b84aa3d {flex:var(--stk-flex-grow, 1) 1 calc(40% - var(--stk-column-gap, 0px) * 1 \/ 2 ) !important;}}<\/style><div class=\"stk-column-wrapper stk-block-column__content stk-container stk-b84aa3d-container stk--no-background stk--no-padding\"><div class=\"stk-block-content stk-inner-blocks stk-b84aa3d-inner-blocks\">\n<div class=\"wp-block-stackable-subtitle stk-block-subtitle stk-block stk-9693cfa\" data-block-id=\"9693cfa\"><style>.stk-9693cfa .stk-block-subtitle__text{font-size:var(--stk--preset--font-size--medium, 1rem) !important;}@media screen and (max-width:999px){.stk-9693cfa .stk-block-subtitle__text{font-size:var(--stk--preset--font-size--medium, 1rem) !important;}}<\/style><p class=\"stk-block-subtitle__text stk-subtitle\"><span style=\"color: var(--theme-palette-color-1, #e65616);\" class=\"stk-highlight\"><strong>04<\/strong><\/span><\/p><\/div>\n\n\n\n<div class=\"wp-block-stackable-image stk-block-image stk-block stk-e1134b3\" data-block-id=\"e1134b3\"><style>.stk-e1134b3 .stk-img-wrapper{width:160px !important;}@media screen and (max-width:999px){.stk-e1134b3 .stk-img-wrapper{width:120px !important;}}@media screen and (max-width:689px){.stk-e1134b3 .stk-img-wrapper{width:120px !important;}}<\/style><figure><span class=\"stk-img-wrapper stk-image--shape-stretch\"><img loading=\"lazy\" decoding=\"async\" class=\"stk-img wp-image-952\" src=\"https:\/\/electroniqueloire.fr\/wp-content\/uploads\/2026\/03\/service_prototypage2.svg\" width=\"421\" height=\"421\"\/><\/span><\/figure><\/div>\n\n\n\n<div class=\"wp-block-stackable-heading stk-block-heading stk-block-heading--v2 stk-block stk-7af9762\" id=\"title-1-placeholder\" data-block-id=\"7af9762\"><h3 class=\"stk-block-heading__text\">Prototypage \/ Fabrication<\/h3><\/div>\n\n\n\n<div class=\"wp-block-stackable-text stk-block-text stk-block stk-175f255\" data-block-id=\"175f255\"><p class=\"stk-block-text__text\">Fabrication des circuit des cartes et soudure des composants  (par des entreprises sp\u00e9cialis\u00e9es) ; ajouts manuels de composants si besoin, puis contr\u00f4le, essais et enfin validation.<\/p><\/div>\n<\/div><\/div><\/div>\n\n\n\n<div class=\"wp-block-stackable-column stk-block-column stk-column stk-block stk-cc10f34\" data-v=\"4\" data-block-id=\"cc10f34\"><style>@media screen and (min-width:690px){.stk-cc10f34 {flex:var(--stk-flex-grow, 1) 1 calc(60% - var(--stk-column-gap, 0px) * 1 \/ 2 ) !important;}}<\/style><div class=\"stk-column-wrapper stk-block-column__content stk-container stk-cc10f34-container stk--no-background stk--no-padding\"><div class=\"stk-block-content stk-inner-blocks stk-cc10f34-inner-blocks\">\n<div class=\"wp-block-stackable-image stk-block-image stk-block stk-a8f766e\" data-block-id=\"a8f766e\"><figure><span class=\"stk-img-wrapper stk-image--shape-stretch\"><img loading=\"lazy\" decoding=\"async\" class=\"stk-img wp-image-863\" src=\"https:\/\/electroniqueloire.fr\/wp-content\/uploads\/2026\/03\/aviavlad-electronics-3628675_1920.jpg\" width=\"1920\" height=\"1281\" alt=\"Sch\u00e9ma electronique\" srcset=\"https:\/\/electroniqueloire.fr\/wp-content\/uploads\/2026\/03\/aviavlad-electronics-3628675_1920.jpg 1920w, https:\/\/electroniqueloire.fr\/wp-content\/uploads\/2026\/03\/aviavlad-electronics-3628675_1920-600x400.jpg 600w, https:\/\/electroniqueloire.fr\/wp-content\/uploads\/2026\/03\/aviavlad-electronics-3628675_1920-300x200.jpg 300w, https:\/\/electroniqueloire.fr\/wp-content\/uploads\/2026\/03\/aviavlad-electronics-3628675_1920-1024x683.jpg 1024w, https:\/\/electroniqueloire.fr\/wp-content\/uploads\/2026\/03\/aviavlad-electronics-3628675_1920-768x512.jpg 768w, https:\/\/electroniqueloire.fr\/wp-content\/uploads\/2026\/03\/aviavlad-electronics-3628675_1920-1536x1025.jpg 1536w\" sizes=\"auto, (max-width: 1920px) 100vw, 1920px\" \/><\/span><\/figure><\/div>\n<\/div><\/div><\/div>\n<\/div><\/div>\n\n\n\n<div class=\"wp-block-stackable-spacer stk-block-spacer stk--no-padding stk-block stk-a5fca88\" data-block-id=\"a5fca88\"><style>.stk-a5fca88 {height:70px !important;}<\/style><\/div>\n\n\n\n<div class=\"wp-block-stackable-columns stk-block-columns stk-block stk-7e694d8\" id=\"service-developpement-logiciel\" data-block-id=\"7e694d8\"><style>.stk-7e694d8 .stk--block-align-7e694d8{align-items:center !important;}@media screen and (max-width:689px){.stk-7e694d8 {--stk-col-order-1:2 !important;--stk-col-order-2:1 !important;}}<\/style><div class=\"stk-row stk-inner-blocks stk--block-align-7e694d8 stk-block-content stk-content-align stk-7e694d8-column\">\n<div class=\"wp-block-stackable-column stk-block-column stk-column stk-block stk-90d5582\" data-v=\"4\" data-block-id=\"90d5582\"><style>@media screen and (min-width:690px){.stk-90d5582 {flex:var(--stk-flex-grow, 1) 1 calc(60% - var(--stk-column-gap, 0px) * 1 \/ 2 ) !important;}}<\/style><div class=\"stk-column-wrapper stk-block-column__content stk-container stk-90d5582-container stk--no-background stk--no-padding\"><div class=\"stk-block-content stk-inner-blocks stk-90d5582-inner-blocks\">\n<div class=\"wp-block-stackable-image stk-block-image stk-block stk-feb5491\" data-block-id=\"feb5491\"><figure><span class=\"stk-img-wrapper stk-image--shape-stretch\"><img loading=\"lazy\" decoding=\"async\" class=\"stk-img wp-image-862\" src=\"https:\/\/electroniqueloire.fr\/wp-content\/uploads\/2026\/03\/04_software.gif\" width=\"800\" height=\"450\" alt=\"Sch\u00e9ma electronique\" srcset=\"https:\/\/electroniqueloire.fr\/wp-content\/uploads\/2026\/03\/04_software.gif 800w, https:\/\/electroniqueloire.fr\/wp-content\/uploads\/2026\/03\/04_software-600x338.gif 600w\" sizes=\"auto, (max-width: 800px) 100vw, 800px\" \/><\/span><\/figure><\/div>\n<\/div><\/div><\/div>\n\n\n\n<div class=\"wp-block-stackable-column stk-block-column stk-column stk-block stk-a62b3f2\" data-v=\"4\" data-block-id=\"a62b3f2\"><style>@media screen and (min-width:690px){.stk-a62b3f2 {flex:var(--stk-flex-grow, 1) 1 calc(40% - var(--stk-column-gap, 0px) * 1 \/ 2 ) !important;}}<\/style><div class=\"stk-column-wrapper stk-block-column__content stk-container stk-a62b3f2-container stk--no-background stk--no-padding\"><div class=\"stk-block-content stk-inner-blocks stk-a62b3f2-inner-blocks\">\n<div class=\"wp-block-stackable-subtitle stk-block-subtitle stk-block stk-22014b6\" data-block-id=\"22014b6\"><style>.stk-22014b6 .stk-block-subtitle__text{font-size:var(--stk--preset--font-size--medium, 1rem) !important;}@media screen and (max-width:999px){.stk-22014b6 .stk-block-subtitle__text{font-size:var(--stk--preset--font-size--medium, 1rem) !important;}}<\/style><p class=\"stk-block-subtitle__text stk-subtitle\"><span style=\"color: var(--theme-palette-color-1, #e65616);\" class=\"stk-highlight\"><strong>05<\/strong><\/span><\/p><\/div>\n\n\n\n<div class=\"wp-block-stackable-image stk-block-image stk-block stk-74a7d9b\" data-block-id=\"74a7d9b\"><style>.stk-74a7d9b .stk-img-wrapper{width:160px !important;}@media screen and (max-width:999px){.stk-74a7d9b .stk-img-wrapper{width:120px !important;}}@media screen and (max-width:689px){.stk-74a7d9b .stk-img-wrapper{width:120px !important;}}<\/style><figure><span class=\"stk-img-wrapper stk-image--shape-stretch\"><img loading=\"lazy\" decoding=\"async\" class=\"stk-img wp-image-953\" src=\"https:\/\/electroniqueloire.fr\/wp-content\/uploads\/2026\/03\/service_developpement2.svg\" width=\"421\" height=\"421\"\/><\/span><\/figure><\/div>\n\n\n\n<div class=\"wp-block-stackable-heading stk-block-heading stk-block-heading--v2 stk-block stk-13f22c6\" id=\"title-1-placeholder\" data-block-id=\"13f22c6\"><h3 class=\"stk-block-heading__text\">D\u00e9veloppement logiciel<\/h3><\/div>\n\n\n\n<div class=\"wp-block-stackable-text stk-block-text stk-block stk-fe331a4\" data-block-id=\"fe331a4\"><p class=\"stk-block-text__text\">D\u00e9veloppement de logiciel PC \/ embarqu\u00e9 sur le microcontr\u00f4leur embarqu\u00e9 sur la carte en fonction des besoins<\/p><\/div>\n<\/div><\/div><\/div>\n<\/div><\/div>\n<\/div><\/div><\/div>\n<\/div><\/div>\n","protected":false},"excerpt":{"rendered":"<p>Pr\u00e9sentions des services propos\u00e9s : sch\u00e9ma \u00e9lectronique, routage, fabrication, prototypage, d\u00e9veloppement logiciel<\/p>\n","protected":false},"author":1,"featured_media":0,"parent":0,"menu_order":0,"comment_status":"closed","ping_status":"closed","template":"","meta":{"footnotes":""},"class_list":["post-770","page","type-page","status-publish","hentry"],"blocksy_meta":{"styles_descriptor":{"styles":{"desktop":"","tablet":"","mobile":""},"google_fonts":[],"version":6}},"_links":{"self":[{"href":"https:\/\/electroniqueloire.fr\/index.php\/wp-json\/wp\/v2\/pages\/770","targetHints":{"allow":["GET"]}}],"collection":[{"href":"https:\/\/electroniqueloire.fr\/index.php\/wp-json\/wp\/v2\/pages"}],"about":[{"href":"https:\/\/electroniqueloire.fr\/index.php\/wp-json\/wp\/v2\/types\/page"}],"author":[{"embeddable":true,"href":"https:\/\/electroniqueloire.fr\/index.php\/wp-json\/wp\/v2\/users\/1"}],"replies":[{"embeddable":true,"href":"https:\/\/electroniqueloire.fr\/index.php\/wp-json\/wp\/v2\/comments?post=770"}],"version-history":[{"count":33,"href":"https:\/\/electroniqueloire.fr\/index.php\/wp-json\/wp\/v2\/pages\/770\/revisions"}],"predecessor-version":[{"id":1102,"href":"https:\/\/electroniqueloire.fr\/index.php\/wp-json\/wp\/v2\/pages\/770\/revisions\/1102"}],"wp:attachment":[{"href":"https:\/\/electroniqueloire.fr\/index.php\/wp-json\/wp\/v2\/media?parent=770"}],"curies":[{"name":"wp","href":"https:\/\/api.w.org\/{rel}","templated":true}]}}