{"id":719,"date":"2022-02-23T14:48:44","date_gmt":"2022-02-23T14:48:44","guid":{"rendered":"https:\/\/startersites.io\/stagingfour\/?page_id=3"},"modified":"2026-03-18T07:41:05","modified_gmt":"2026-03-18T06:41:05","slug":"privacy-policy","status":"publish","type":"page","link":"https:\/\/electroniqueloire.fr\/index.php\/privacy-policy\/","title":{"rendered":"Mentions l\u00e9gales"},"content":{"rendered":"\n<h2 class=\"wp-block-heading\">1. \u00c9diteur du site<\/h2>\n\n\n\n<p>Le pr\u00e9sent site est \u00e9dit\u00e9 par : Mathieu NAVARRO<br>Entrepreneur individuel (auto-entrepreneur)<br>Adresse :  42170 Saint Just Saint Rambert<br>Email : contact@electroniqueloire.fr<\/p>\n\n\n\n<p>Num\u00e9ro SIREN : 101608669<br>Num\u00e9ro SIRET : 10160866900012<\/p>\n\n\n\n<hr class=\"wp-block-separator has-alpha-channel-opacity\"\/>\n\n\n\n<h2 class=\"wp-block-heading\">2. H\u00e9bergement<\/h2>\n\n\n\n<p>Le site est h\u00e9berg\u00e9 par :<br>OVH SAS<br>2 rue Kellermann<br>59100 Roubaix \u2013 France<br>T\u00e9l\u00e9phone : 1007<br>Site web : <a href=\"https:\/\/www.ovh.com\/\" rel=\"nofollow noopener\" target=\"_blank\">https:\/\/www.ovh.com<\/a><\/p>\n\n\n\n<hr class=\"wp-block-separator has-alpha-channel-opacity\"\/>\n\n\n\n<h2 class=\"wp-block-heading\">3. Propri\u00e9t\u00e9 intellectuelle<\/h2>\n\n\n\n<p>L\u2019ensemble du contenu pr\u00e9sent sur ce site (textes, images, graphismes, logo, ic\u00f4nes, etc.) est la propri\u00e9t\u00e9 exclusive de l\u2019\u00e9diteur, sauf mention contraire.<\/p>\n\n\n\n<p>Toute reproduction, repr\u00e9sentation, modification, publication, adaptation de tout ou partie des \u00e9l\u00e9ments du site, quel que soit le moyen ou le proc\u00e9d\u00e9 utilis\u00e9, est interdite, sauf autorisation \u00e9crite pr\u00e9alable.<\/p>\n\n\n\n<hr class=\"wp-block-separator has-alpha-channel-opacity\"\/>\n\n\n\n<h2 class=\"wp-block-heading\">4. Responsabilit\u00e9<\/h2>\n\n\n\n<p>L\u2019\u00e9diteur s\u2019efforce de fournir des informations aussi pr\u00e9cises que possible. Toutefois, il ne pourra \u00eatre tenu responsable des omissions, inexactitudes ou carences dans la mise \u00e0 jour.<\/p>\n\n\n\n<p>L\u2019utilisateur du site reconna\u00eet utiliser ces informations sous sa responsabilit\u00e9 exclusive.<\/p>\n\n\n\n<hr class=\"wp-block-separator has-alpha-channel-opacity\"\/>\n\n\n\n<h2 class=\"wp-block-heading\">5. Donn\u00e9es personnelles<\/h2>\n\n\n\n<p>Le site peut collecter des donn\u00e9es personnelles via ses formulaires de contact.<\/p>\n\n\n\n<p>Ces donn\u00e9es sont uniquement destin\u00e9es \u00e0 r\u00e9pondre aux demandes des utilisateurs et ne sont en aucun cas c\u00e9d\u00e9es \u00e0 des tiers.<\/p>\n\n\n\n<p>Conform\u00e9ment au R\u00e8glement G\u00e9n\u00e9ral sur la Protection des Donn\u00e9es (RGPD), vous disposez d\u2019un droit d\u2019acc\u00e8s, de rectification et de suppression de vos donn\u00e9es.<\/p>\n\n\n\n<p>Pour exercer ce droit, vous pouvez contacter : contact@electroniqueloire.fr<\/p>\n\n\n\n<hr class=\"wp-block-separator has-alpha-channel-opacity\"\/>\n\n\n\n<h2 class=\"wp-block-heading\">6. Cookies<\/h2>\n\n\n\n<p>Le site peut utiliser des cookies \u00e0 des fins de mesure d\u2019audience ou de bon fonctionnement.<\/p>\n\n\n\n<p>L\u2019utilisateur peut configurer son navigateur pour refuser les cookies.<\/p>\n\n\n\n<hr class=\"wp-block-separator has-alpha-channel-opacity\"\/>\n\n\n\n<h2 class=\"wp-block-heading\">7. Droit applicable<\/h2>\n\n\n\n<p>Le pr\u00e9sent site est soumis au droit fran\u00e7ais.<\/p>\n\n\n\n<p>En cas de litige, les tribunaux comp\u00e9tents seront ceux du ressort du si\u00e8ge de l\u2019\u00e9diteur du site.<\/p>\n","protected":false},"excerpt":{"rendered":"<p>1. \u00c9diteur du site Le pr\u00e9sent site est \u00e9dit\u00e9 par : Mathieu NAVARROEntrepreneur individuel (auto-entrepreneur)Adresse : 42170 Saint Just Saint RambertEmail : contact@electroniqueloire.fr Num\u00e9ro SIREN : 101608669Num\u00e9ro SIRET : 10160866900012 2. H\u00e9bergement Le site est h\u00e9berg\u00e9 par :OVH SAS2 rue Kellermann59100 Roubaix \u2013 FranceT\u00e9l\u00e9phone : 1007Site web : https:\/\/www.ovh.com 3. Propri\u00e9t\u00e9 intellectuelle L\u2019ensemble du contenu [&hellip;]<\/p>\n","protected":false},"author":1,"featured_media":0,"parent":0,"menu_order":0,"comment_status":"closed","ping_status":"open","template":"","meta":{"footnotes":""},"class_list":["post-719","page","type-page","status-publish","hentry"],"blocksy_meta":{"styles_descriptor":{"styles":{"desktop":"","tablet":"","mobile":""},"google_fonts":[],"version":6}},"_links":{"self":[{"href":"https:\/\/electroniqueloire.fr\/index.php\/wp-json\/wp\/v2\/pages\/719","targetHints":{"allow":["GET"]}}],"collection":[{"href":"https:\/\/electroniqueloire.fr\/index.php\/wp-json\/wp\/v2\/pages"}],"about":[{"href":"https:\/\/electroniqueloire.fr\/index.php\/wp-json\/wp\/v2\/types\/page"}],"author":[{"embeddable":true,"href":"https:\/\/electroniqueloire.fr\/index.php\/wp-json\/wp\/v2\/users\/1"}],"replies":[{"embeddable":true,"href":"https:\/\/electroniqueloire.fr\/index.php\/wp-json\/wp\/v2\/comments?post=719"}],"version-history":[{"count":1,"href":"https:\/\/electroniqueloire.fr\/index.php\/wp-json\/wp\/v2\/pages\/719\/revisions"}],"predecessor-version":[{"id":828,"href":"https:\/\/electroniqueloire.fr\/index.php\/wp-json\/wp\/v2\/pages\/719\/revisions\/828"}],"wp:attachment":[{"href":"https:\/\/electroniqueloire.fr\/index.php\/wp-json\/wp\/v2\/media?parent=719"}],"curies":[{"name":"wp","href":"https:\/\/api.w.org\/{rel}","templated":true}]}}